r of q and 28.
14
Let o(l) = -3*l + 24. Let m be o(6). Calculate the greatest common factor of 2 and m.
2
Suppose 59 = 4*l + 3. Suppose b + f + 104 = 0, 0 = 2*b + 3*f + 189 + 14. Let r = b - -221. What is the highest common factor of l and r?
14
Let n(q) = -q + 10. Let y be n(8). Suppose 0*f - 32 = -y*f. Let k be (-3*1)/(3/(-4)). Calculate the greatest common divisor of f and k.
4
Suppose 57 = a - 2*i, 60 = -2*a + 3*a - 5*i. Calculate the highest common factor of a and 22.
11
Suppose 0 = 2*f + 3*f + 60. Let c be (4*-2)/(-4) - f. What is the greatest common factor of c and 98?
14
Let x = 147 + -102. Calculate the greatest common factor of x and 15.
15
Let s = -13 + 23. Let j(g) = -17*g - 9. Let x be j(-7). Let i be (x/(-8))/(3/(-24)). Calculate the highest common divisor of i and s.
10
Let p be 228/10 + (-4)/(-20). Calculate the highest common divisor of 23 and p.
23
Let r(l) = l**2 + 5*l + 4. Let h be r(-6). Calculate the greatest common divisor of 10 and h.
10
Suppose -4*b + 2*b + 8 = 0. Suppose -3*z - 13 = -b*z. Calculate the greatest common factor of 65 and z.
13
Let l = -76 - -106. Calculate the greatest common factor of l and 20.
10
Suppose -y - 36 = -4*y. What is the highest common factor of 6 and y?
6
Suppose 5*d - 3*c = 2*c + 205, 3*c - 129 = -4*d. Suppose p - d - 48 = 0. Let r be (0 - -1) + (p - 5). Calculate the greatest common divisor of 10 and r.
10
Let w = 3 + 1. Suppose 1 = s + 3*o, -w*o = -0*s + 4*s - 28. Suppose -2*n = -5 - 5. Calculate the greatest common divisor of s and n.
5
Let z(r) = r**3 + 5*r**2 + 3*r. Let b be z(-4). Suppose -b*o + o + x + 25 = 0, -2*o = 3*x - 2. What is the greatest common divisor of 49 and o?
7
Suppose -2*k = 26 - 102. Suppose -292 = -h + k. Suppose h = z + 4*z. What is the greatest common factor of z and 6?
6
Let q(c) = 4*c**2 + 2*c + 2. Let y be q(-2). Let w be 2 + (-7)/((-7)/2). Suppose 0 = w*k - 51 - 173. What is the highest common factor of y and k?
14
Suppose -2*l - 2*f + 180 = -7*f, 0 = -4*f. Calculate the highest common divisor of l and 225.
45
Suppose o + 0 = 2. Let z = o + -2. Let r be 1 + z + 7 - 0. Calculate the greatest common factor of 8 and r.
8
Let b be (-4)/1 - -2 - 13. Let l = -8 - b. Suppose -11 = -h - 4*a + 42, -44 = -h + 5*a. Calculate the highest common factor of h and l.
7
Let x(w) = w + 5. Let d = 0 - -1. Let z be ((-1)/2)/(d/6). Let y be x(z). Calculate the greatest common divisor of 2 and y.
2
Let w = -105 - -128. Calculate the greatest common factor of w and 253.
23
Let s = -12 + 16. Suppose g = 33 + 111. Suppose -u - 3*u + g = 0. Calculate the greatest common factor of u and s.
4
Let f(d) = d**2 - 2*d - 9. Let g be f(-9). What is the highest common factor of 10 and g?
10
Suppose 44 = z - 5*z + 4*g, 4*z + 2*g = -26. Let x = -5 - z. Calculate the greatest common factor of 2 and x.
1
Suppose 3*g + i = -193, -103 = g + 5*i - 20. Let f = g + 127. What is the highest common factor of f and 8?
8
Suppose -5*x = -10*x + 15. Suppose -2*u - 5*d = -17, -7*u - 3*d = -x*u - 27. What is the greatest common factor of 18 and u?
6
Suppose 19 - 181 = -3*q. What is the greatest common factor of 36 and q?
18
Let s(g) = -3*g + 4. Let f be s(4). Let p be (f/(-10))/((-18)/(-45)). What is the greatest common factor of 14 and p?
2
Let m(q) = q**2 + 5*q + 5. Let h be ((-2)/(-1))/((-1)/2). Let w = -9 - h. Let j be m(w). Calculate the greatest common factor of j and 1.
1
Let l(y) = -3*y + 1. Let m be l(-1). Suppose 14 = r - m. Calculate the highest common factor of r and 18.
18
Let k(q) = 3*q**3 - 3*q**2 + q - 2. Suppose -4 = -5*a + 6. Let s be k(a). Let c = 63 + -51. Calculate the greatest common factor of c and s.
12
Let v(f) = f - 2. Suppose 0 = -5*u - 10, 0*u + 22 = 2*n - 4*u. Let k be v(n). Let t = 42 + -2. Calculate the highest common factor of k and t.
5
Suppose 0 = 3*a + 53 - 77. Let t = 140 - 100. What is the highest common factor of t and a?
8
Let f be 135/(-18)*4/(-3). Suppose 2*c + 6 = 46. What is the highest common divisor of c and f?
10
Suppose g + i = -30, -3*i = -4*g - 0*g - 120. Let s be (2 - 1)*-1*g. What is the highest common divisor of 75 and s?
15
Let i(q) = q**3 + 7*q**2 + 2*q + 2. Let g be i(-3). Let o = 14 - -82. Calculate the greatest common divisor of g and o.
32
Let m be 2 - 4 - (-9 + 2). Suppose 3*b - 33 = 21. Suppose 2 = 2*u - b. What is the greatest common divisor of u and m?
5
Let s = -6 - -8. Suppose -l - 2*m + 20 = -4*l, 0 = -3*l + 4*m - 28. Let t be (-5 + 2 + 1)*l. What is the highest common factor of t and s?
2
Suppose -r - 2*r + 12 = 0. Suppose 3*y = 3*m + 2*m - 17, 16 = -r*y + 5*m. What is the highest common factor of 4 and y?
1
Let a(b) = b**3 + 11*b**2 + 9*b + 10. Let r be a(-10). Let q = -8 + r. Let i be (3/(-4))/((-1)/16). Calculate the highest common divisor of i and q.
12
Let v = -33 - -69. Calculate the greatest common factor of v and 12.
12
Suppose q - 3*n - 4 = 0, -q - 2*q + 56 = 2*n. Suppose 2*o + b - 130 = 0, -3*b = 3*o + 31 - 229. What is the greatest common factor of o and q?
16
Suppose 3*b + 42 - 162 = 0. Suppose 0 = 2*z + 10, 0*k - 4*z + b = 5*k. What is the highest common divisor of 2 and k?
2
Suppose -3*h + 27 = -0*h. Suppose 0 = -5*q + 66 + h. Let f = 26 - 16. Calculate the greatest common factor of q and f.
5
Suppose -3*o + 170 = 4*y, -o - 2*y + 2 + 56 = 0. Calculate the highest common factor of 27 and o.
27
Let a = -199 - -297. What is the highest common factor of a and 14?
14
Let y be (12/10)/(9/30). Suppose -y*z + 403 = 115. Suppose 2*s + 5*d = 28, 0*s - 5*d + 55 = 5*s. What is the highest common factor of s and z?
9
Let m = 0 + 4. Suppose -27 = -m*x - 7, -2*u + 5*x = 9. Calculate the greatest common divisor of 2 and u.
2
Let i(w) = w**3 + 10*w**2 + 9*w + 5. Let r be i(-9). What is the greatest common factor of 2 and r?
1
Suppose 0*n - 12 = -4*n. Let h be (-15)/6*(-24)/20. What is the highest common factor of h and n?
3
Suppose o - r = 4, 0*o - o + 10 = -4*r. Suppose 0 = o*g - 10 - 0. Calculate the greatest common factor of 40 and g.
5
Suppose 0 = 2*r - 4 - 14. What is the highest common factor of 1 and r?
1
Let p(o) = -o**3 - o**2 + 2*o - 2. Let x be p(-3). Calculate the greatest common factor of 40 and x.
10
Let h be (-1)/(-5) - 28/(-10). Suppose 6 = -5*t + h*d, 8 = 5*d - d. Suppose t = 6*r - 2*r - 60. Calculate the highest common factor of 135 and r.
15
Let y = -167 - -293. What is the greatest common divisor of y and 14?
14
Let v(d) = -d**3 + 2*d + 1. Let q be v(-1). Let z be q - 1 - (-2 + -153). What is the highest common divisor of z and 22?
22
Let b = 14 - 10. Suppose -j + 7 = 2*g, j - b*g = 6*j - 35. Calculate the greatest common divisor of j and 1.
1
Let c(i) = -i**2 + 8*i - i + i. Let q be c(8). Let u be 0 - ((-1 - q) + -32). What is the greatest common divisor of u and 3?
3
Let i(t) = 6*t**3 + t**2. Let z be i(1). What is the highest common factor of 14 and z?
7
Let o = 7 - 3. Suppose 0 = o*b - 282 - 210. Suppose -3*u + 5*w = -b, -u - 2*w + 66 = u. Calculate the greatest common factor of 24 and u.
12
Suppose 0 = -p - 3*j - 13, j = -0*p + 2*p - 2. Let n be (-3)/(p - 132/(-135)). Let r = -95 + n. What is the highest common divisor of 16 and r?
8
Suppose 0*h + 24 = 3*h. Let g be (-668)/(-12) - 5/(-15). Calculate the highest common factor of h and g.
8
Let n(i) = i**2 + 5*i - 29. Let r be n(-9). Calculate the greatest common factor of 3 and r.
1
Suppose 3*t + 192 = 7*t. Let z be (-4)/(2 + t/(-21)). Calculate the highest common factor of z and 112.
14
Suppose 2*x - 105 = -5*o, 0*x + 5*x - 3*o = 216. What is the highest common factor of 315 and x?
45
Suppose -2*p + 8 = 2. Suppose 0 = -4*x - 5 + 25. Suppose -t + x = -p. What is the highest common divisor of 56 and t?
8
Let g(w) = w - 1. Let q be g(3). Suppose 17 = p + 3. What is the greatest common factor of q and p?
2
Let s = 31 - 51. Let n(i) = -2*i**2 - 4*i + 1. Let f be n(3). Let d = s - f. Calculate the highest common divisor of d and 3.
3
Suppose -156 = 2*x - 6*x. Suppose 5*p = x + 1. Suppose 43 = 3*l + 3*k - 4*k, 5*k - 89 = -4*l. Calculate the highest common divisor of l and p.
8
Let s(r) = -r**3 + 8*r**2 + 2*r + 2. Let i be s(8). Calculate the highest common factor of 2 and i.
2
Suppose 3*k = 4*k - 36. Suppose 18 = 3*v + 2*d, 2*v - 55 = -3*v + 5*d. Let h = v - -46. What is the 